{"id":1219,"date":"2019-07-11T13:27:50","date_gmt":"2019-07-11T13:27:50","guid":{"rendered":"https:\/\/acheitecnico.com\/new\/?page_id=1219"},"modified":"2019-07-11T14:09:51","modified_gmt":"2019-07-11T14:09:51","slug":"hotel-fazenda","status":"publish","type":"page","link":"https:\/\/acheitecnico.com\/new\/hotel-fazenda\/","title":{"rendered":"HotelFazenda"},"content":{"rendered":"<div class=\"wpb-content-wrapper\"><p>[vc_row full_width=&#8221;stretch_row_content_no_spaces&#8221;][vc_column]<div class=\"page-header three\">\n    <div class=\"container\">\n      <div class=\"col-md-6 left-padd0 m-bottom2\">\n        <h2 class=\"uppercase font-thin font-white font30 m-bottom1\">Projeto Hotel Fazenda Resort<\/h2>\n        <h4 class=\"font-grey-light font18 \">Projeto e Implanta\u00e7\u00e3o de Rede<\/h4>\n      <\/div>\n\t  \n    <\/div>\n  <\/div>[\/vc_column][\/vc_row][vc_row][vc_column]<link rel=\"stylesheet\" href=\"https:\/\/acheitecnico.com\/new\/wp-content\/themes\/maxhost\/js\/owl-carousel\/owl.carousel.css\" type=\"text\/css\" media=\"all\" \/>\n\t<link rel=\"stylesheet\" href=\"https:\/\/acheitecnico.com\/new\/wp-content\/themes\/maxhost\/js\/owl-carousel\/owl.theme.css\" type=\"text\/css\" media=\"all\" \/>\n\t<link rel=\"stylesheet\" href=\"https:\/\/acheitecnico.com\/new\/wp-content\/themes\/maxhost\/js\/owl-carousel\/owl.transitions.css\" type=\"text\/css\" media=\"all\" \/>\n\t<div class=\"section-lg m-top8\">\n\t\t\t\t\t<div class=\"container\">\n\t\t\t\t\t<div class=\"carousel_holder\">\n\t\t\t\t\t\t  <div id=\"sync1\" class=\"owl-carousel\">\n\t\t\t\t\t\t\t\t\n\t\t\t\t\t\t\t<div class=\"item fullwide\"><img loading=\"lazy\" decoding=\"async\" width=\"1216\" height=\"581\" src=\"https:\/\/acheitecnico.com\/new\/wp-content\/uploads\/2019\/07\/casodesucessoMP-e1562853778275.jpg\" class=\"attachment-full\" alt=\"\" title=\"casodesucessoMP\" \/><\/div>\n\t\t\t\t\t\t\t\n\t\t\t\t\t\t\t<div class=\"item fullwide\"><img loading=\"lazy\" decoding=\"async\" width=\"526\" height=\"366\" src=\"https:\/\/acheitecnico.com\/new\/wp-content\/uploads\/2019\/07\/monitoramento-e1562854116642.jpeg\" class=\"attachment-full\" alt=\"\" title=\"monitoramento\" \/><\/div>\n\t\t\t\t\t\t\t\n\t\t\t\t\t\t  <\/div>\n\t\t\t\t\t\t  <div id=\"sync2\" class=\"owl-carousel\">\n\t\t\t\t\t\t\t\n\t\t\t\t\t\t\t\t\n\t\t\t\t\t\t\t<div class=\"item\"><img decoding=\"async\" class=\"\" src=\"https:\/\/acheitecnico.com\/new\/wp-content\/uploads\/2019\/07\/casodesucessoMP-e1562853778275-130x80.jpg\" width=\"130\" height=\"80\" alt=\"casodesucessoMP\" title=\"casodesucessoMP\" loading=\"lazy\" \/><\/div>\n\t\t\t\t\t\t\t\n\t\t\t\t\t\t\t<div class=\"item\"><img decoding=\"async\" class=\"\" src=\"https:\/\/acheitecnico.com\/new\/wp-content\/uploads\/2019\/07\/monitoramento-e1562854116642-130x80.jpeg\" width=\"130\" height=\"80\" alt=\"monitoramento\" title=\"monitoramento\" loading=\"lazy\" \/><\/div>\n\t\t\t\t\t\t\t\n\n\t\t\t\t\t\t  <\/div>\n\t\t\t\t\t\t<\/div>\n\t\t\t\t\t\t<div>&nbsp;<\/div>\n\t\t\t\t\t\t<!-- end item -->\n\n\t\t\t\t\t\t <div class=\"cbp-l-project-container\">\n\t\t\t\t\t\t\t  <div class=\"cbp-l-project-desc\">\n\t\t\t\t\t\t\t\t<div class=\"cbp-l-project-desc-title font20\">Descri\u00e7\u00e3o do Projeto<\/div>\n\t\t\t\t\t\t\t\t<div class=\"cbp-l-project-desc-text\">O projeto inicial era montar uma simples VPN. No decorrer do primeiro contato propomos a cria\u00e7\u00e3o de um servi\u00e7o de acesso remoto para os colaboradores externos com menor custo e mais simples. A partir disto absorvemos outros projetos e consequentemente toda Infraestrutura de tecnologia deste cliente desde (Suporte, Consultoria, Gerencia e Monitoramentos de Rede e C\u00e2meras, Servidores AWS...).<\/div>\n\t\t\t\t\t\t\t  <\/div>\n\t\t\t\t\t\n\t\t\t\t\t\t\t  <div class=\"cbp-l-project-details\">\n\t\t\t\t\t\t\t\t<div class=\"cbp-l-project-details-title font20\">Detalhes do Projeto<\/div>\n\t\t\t\t\t\t\t\t<ul class=\"cbp-l-project-details-list\">\n\t\t\t\t\t\t\t\t  \n\t\t\t\t\t\t\t\t  <li><strong>Client<\/strong>Hotel Fazenda Resort<\/li>\n\t\t\t\t\t\t\t\t  \n\t\t\t\t\t\t\t\t  <li><strong>Date<\/strong>2018<\/li>\n\t\t\t\t\t\t\t\t  \n\t\t\t\t\t\t\t\t  <li><strong>Categories<\/strong>Infraestrutura<\/li>\n\t\t\t\t\t\t\t\t  \n\t\t\t\t\t\t\t\t<\/ul>\n\t\t\t\t\t\t\t\t\n\t\t\t\t\t\t\t\t<a href=\"https:\/\/www.meninodaporteira.com.br\/\" target=\"_blank\" class=\"cbp-l-project-details-visit\">Site do Cliente<\/a>\n\t\t\t\t\t\t\t\t\n\t\t\t\t\t\t\t  <\/div>\n\t\t\t\t\t\t <\/div>\n\t\t\t\t\t <!-- end item -->\n\t\t\t\t\t<\/div>\n\t\t\t\t<\/div>[\/vc_column][\/vc_row]<\/p>\n<\/div>","protected":false},"excerpt":{"rendered":"<p>[vc_row full_width=&#8221;stretch_row_content_no_spaces&#8221;][vc_column][\/vc_column][\/vc_row][vc_row][vc_column][\/vc_column][\/vc_row]<\/p>\n","protected":false},"author":1,"featured_media":0,"parent":0,"menu_order":0,"comment_status":"closed","ping_status":"closed","template":"page-vc.php","meta":{"_joinchat":[],"footnotes":""},"class_list":["post-1219","page","type-page","status-publish","hentry"],"_links":{"self":[{"href":"https:\/\/acheitecnico.com\/new\/wp-json\/wp\/v2\/pages\/1219","targetHints":{"allow":["GET"]}}],"collection":[{"href":"https:\/\/acheitecnico.com\/new\/wp-json\/wp\/v2\/pages"}],"about":[{"href":"https:\/\/acheitecnico.com\/new\/wp-json\/wp\/v2\/types\/page"}],"author":[{"embeddable":true,"href":"https:\/\/acheitecnico.com\/new\/wp-json\/wp\/v2\/users\/1"}],"replies":[{"embeddable":true,"href":"https:\/\/acheitecnico.com\/new\/wp-json\/wp\/v2\/comments?post=1219"}],"version-history":[{"count":6,"href":"https:\/\/acheitecnico.com\/new\/wp-json\/wp\/v2\/pages\/1219\/revisions"}],"predecessor-version":[{"id":1226,"href":"https:\/\/acheitecnico.com\/new\/wp-json\/wp\/v2\/pages\/1219\/revisions\/1226"}],"wp:attachment":[{"href":"https:\/\/acheitecnico.com\/new\/wp-json\/wp\/v2\/media?parent=1219"}],"curies":[{"name":"wp","href":"https:\/\/api.w.org\/{rel}","templated":true}]}}