{"id":1209,"date":"2019-07-11T12:37:48","date_gmt":"2019-07-11T12:37:48","guid":{"rendered":"https:\/\/acheitecnico.com\/new\/?page_id=1209"},"modified":"2025-02-19T16:00:26","modified_gmt":"2025-02-19T16:00:26","slug":"sobre-nos","status":"publish","type":"page","link":"https:\/\/acheitecnico.com\/new\/sobre-nos\/","title":{"rendered":"Sobre N\u00f3s"},"content":{"rendered":"<div class=\"wpb-content-wrapper\"><p>[vc_row top_padding=&#8221;80px&#8221; bottom_padding=&#8221;30px&#8221;][vc_column width=&#8221;1\/2&#8243;][vc_single_image image=&#8221;328&#8243; img_size=&#8221;full&#8221;][\/vc_column][vc_column width=&#8221;1\/2&#8243;]<h2 class=\"font-color font30 font-bold uppercase m-bottom1\">Sobre N\u00f3s<\/h2>[vc_column_text css=&#8221;&#8221;]Somos uma empresa de Tecnologia da Informa\u00e7\u00e3o e Servi\u00e7os Financeiros, que oferece um conjunto de Solu\u00e7\u00f5es de Consultoria, Suporte e Seguran\u00e7a para o tamanho do seu neg\u00f3cio.<\/p>\n<blockquote>\n<p class=\"font-black font18 italic\">Criamos ambientes com excel\u00eancia para ajudar exponenciar neg\u00f3cios.<\/p>\n<\/blockquote>\n<p>[\/vc_column_text][\/vc_column][\/vc_row][vc_row][vc_column width=&#8221;1\/2&#8243;][vc_empty_space height=&#8221;30px&#8221;]<h2 class=\"font-color font30 font-bold uppercase m-bottom1\">Nossa Miss\u00e3o<\/h2><div class=\"m-top4\">\n          <div aria-multiselectable=\"true\" role=\"tablist\" id=\"accordion30\" class=\"panel-group collaps\"><div class=\"panel panel-default\">\n              <div id=\"heading301\" role=\"tab\" class=\"panel-heading\">\n                <h4 class=\"panel-title uppercase\"> <a aria-expanded=\"true\" aria-controls=\"collapse301\" href=\"#collapse301\" data-parent=\"#accordion30\" data-toggle=\"collapse\" role=\"button\" >Suporte que v\u00e1 al\u00e9m das expectativas<\/a> <\/h4>\n              <\/div>\n              <div style=\"\" aria-expanded=\"true\" aria-labelledby=\"heading301\" role=\"tabpanel\" class=\"panel-collapse collapse in\" id=\"collapse301\">\n                <div class=\"panel-body\">\n                  <p>N\u00e3o medimos esfor\u00e7os para entregar a melhor solu\u00e7\u00e3o no menor tempo.<\/p>\n                <\/div>\n              <\/div>\n            <\/div><div class=\"panel panel-default\">\n              <div id=\"heading302\" role=\"tab\" class=\"panel-heading\">\n                <h4 class=\"panel-title uppercase\"> <a aria-expanded=\"false\" aria-controls=\"collapse302\" href=\"#collapse302\" data-parent=\"#accordion30\" data-toggle=\"collapse\" role=\"button\" class=\"collapsed\">Seguran\u00e7a e Confiabilidade<\/a> <\/h4>\n              <\/div>\n              <div style=\"height: 0px;\" aria-expanded=\"false\" aria-labelledby=\"heading302\" role=\"tabpanel\" class=\"panel-collapse collapse \" id=\"collapse302\">\n                <div class=\"panel-body\">\n                  <p>A seguran\u00e7a e continuidade do seu neg\u00f3cio \u00e9 nossa exist\u00eancia.<\/p>\n                <\/div>\n              <\/div>\n            <\/div><div class=\"panel panel-default\">\n              <div id=\"heading303\" role=\"tab\" class=\"panel-heading\">\n                <h4 class=\"panel-title uppercase\"> <a aria-expanded=\"false\" aria-controls=\"collapse303\" href=\"#collapse303\" data-parent=\"#accordion30\" data-toggle=\"collapse\" role=\"button\" class=\"collapsed\">24\/7 SUPORTE ON SITE<\/a> <\/h4>\n              <\/div>\n              <div style=\"height: 0px;\" aria-expanded=\"false\" aria-labelledby=\"heading303\" role=\"tabpanel\" class=\"panel-collapse collapse \" id=\"collapse303\">\n                <div class=\"panel-body\">\n                  <p>Nosso sistema de suporte \u00e9 24\/7 ON SITE, com abertura de tickets, controle e organiza\u00e7\u00e3o das tratativas, comodidade e transpar\u00eancia em todos os sentidos. Al\u00e9m disso de acordo com o seu projeto podemos enviar analistas at\u00e9 sua empresa para dar total apoio, tudo de acordo com a sua necessidade.<\/p>\n                <\/div>\n              <\/div>\n            <\/div>\t<\/div>\n\t\t   <\/div>[\/vc_column][vc_column width=&#8221;1\/2&#8243;]<div class=\"m-top3 m-bottom4\">\n          <h2 class=\"font-color font30 font-bold uppercase m-bottom2\">Conhecimento e Habilidades<\/h2>\n          \n\t\t  <div class=\"progress-info\">Infraestrutura <span class=\"pull-right\">99%<\/span><\/div>\n          <div class=\"progress\">\n            <div style=\"width: 99%\" aria-valuemax=\"100\" aria-valuemin=\"0\" aria-valuenow=\"99\" role=\"progressbar\" class=\"progress-bar progress-bar-info progress-bar-striped active\"> <span class=\"sr-only\">99% Complete<\/span> <\/div>\n          <\/div>\n\t\t  \t\n          <div class=\"progress-info\">Suporte e Consultorias <span class=\"pull-right\">99%<\/span><\/div>\n          <div class=\"progress\">\n            <div style=\"width: 99%\" aria-valuemax=\"100\" aria-valuemin=\"0\" aria-valuenow=\"99\" role=\"progressbar\" class=\"progress-bar progress-bar-success progress-bar-striped active\"> <span class=\"sr-only\">99% Complete<\/span> <\/div>\n          <\/div>\n\t\t  \t\n\t\t  <div class=\"progress-info\">Sistemas Financeiros <span class=\"pull-right\">99%<\/span><\/div>\n          <div class=\"progress\">\n            <div style=\"width: 99%\" aria-valuemax=\"100\" aria-valuemin=\"0\" aria-valuenow=\"99\" role=\"progressbar\" class=\"progress-bar progress-bar-warning progress-bar-striped active\"> <span class=\"sr-only\">99% Complete<\/span> <\/div>\n          <\/div>\n\t\t  \t\n\t\t  <div class=\"progress-info\">Seguran\u00e7a e Monitoramento <span class=\"pull-right\">99%<\/span><\/div>\n          <div class=\"progress\">\n            <div style=\"width: 99%\" aria-valuemax=\"100\" aria-valuemin=\"0\" aria-valuenow=\"99\" role=\"progressbar\" class=\"progress-bar progress-bar-danger progress-bar-striped active\"> <span class=\"sr-only\">99% Complete<\/span> <\/div>\n          <\/div>\n\t\t  \n        <\/div>[\/vc_column][\/vc_row][vc_row top_padding=&#8221;40px&#8221;][vc_column]\n\t\t\t\t<h3 class=\"text-center font-bold font-black font15 uppercase\">Estamos aqui para lhe ajudar e<\/h3>\n\t\t\t\t\n\t\t\t\t<h2 class=\"text-center font-bold font-black font30 uppercase\">Superar suas expectativas<\/h2>\n\t\t\t\t<div class=\"title-line-shape m-bottom3\"><\/div>[\/vc_column][\/vc_row]<\/p>\n<\/div>","protected":false},"excerpt":{"rendered":"<p>[vc_row top_padding=&#8221;80px&#8221; bottom_padding=&#8221;30px&#8221;][vc_column width=&#8221;1\/2&#8243;][vc_single_image image=&#8221;328&#8243; img_size=&#8221;full&#8221;][\/vc_column][vc_column width=&#8221;1\/2&#8243;][vc_column_text css=&#8221;&#8221;]Somos uma empresa de Tecnologia da Informa\u00e7\u00e3o e Servi\u00e7os Financeiros, que oferece um conjunto de Solu\u00e7\u00f5es de Consultoria, Suporte e Seguran\u00e7a para o tamanho do seu neg\u00f3cio. Criamos ambientes com excel\u00eancia para ajudar exponenciar neg\u00f3cios. [\/vc_column_text][\/vc_column][\/vc_row][vc_row][vc_column width=&#8221;1\/2&#8243;][vc_empty_space height=&#8221;30px&#8221;][\/vc_column][vc_column width=&#8221;1\/2&#8243;][\/vc_column][\/vc_row][vc_row top_padding=&#8221;40px&#8221;][vc_column][\/vc_column][\/vc_row]<\/p>\n","protected":false},"author":1,"featured_media":0,"parent":0,"menu_order":0,"comment_status":"closed","ping_status":"closed","template":"page-vc.php","meta":{"_joinchat":[],"footnotes":""},"class_list":["post-1209","page","type-page","status-publish","hentry"],"_links":{"self":[{"href":"https:\/\/acheitecnico.com\/new\/wp-json\/wp\/v2\/pages\/1209","targetHints":{"allow":["GET"]}}],"collection":[{"href":"https:\/\/acheitecnico.com\/new\/wp-json\/wp\/v2\/pages"}],"about":[{"href":"https:\/\/acheitecnico.com\/new\/wp-json\/wp\/v2\/types\/page"}],"author":[{"embeddable":true,"href":"https:\/\/acheitecnico.com\/new\/wp-json\/wp\/v2\/users\/1"}],"replies":[{"embeddable":true,"href":"https:\/\/acheitecnico.com\/new\/wp-json\/wp\/v2\/comments?post=1209"}],"version-history":[{"count":17,"href":"https:\/\/acheitecnico.com\/new\/wp-json\/wp\/v2\/pages\/1209\/revisions"}],"predecessor-version":[{"id":1535,"href":"https:\/\/acheitecnico.com\/new\/wp-json\/wp\/v2\/pages\/1209\/revisions\/1535"}],"wp:attachment":[{"href":"https:\/\/acheitecnico.com\/new\/wp-json\/wp\/v2\/media?parent=1209"}],"curies":[{"name":"wp","href":"https:\/\/api.w.org\/{rel}","templated":true}]}}